inder when 6442 is divided by 100.
42
Calculate the remainder when 132600 is divided by 934.
906
What is the remainder when 4908 is divided by 2271?
366
What is the remainder when 54330 is divided by 13579?
14
What is the remainder when 8765 is divided by 23?
2
Calculate the remainder when 128205 is divided by 29.
25
What is the remainder when 9060 is divided by 25?
10
Calculate the remainder when 3755 is divided by 110.
15
Calculate the remainder when 2205 is divided by 162.
99
Calculate the remainder when 3024 is divided by 150.
24
Calculate the remainder when 5629 is divided by 85.
19
Calculate the remainder when 1684 is divided by 557.
13
What is the remainder when 39653 is divided by 72?
53
What is the remainder when 39644 is divided by 3302?
20
What is the remainder when 37005 is divided by 48?
45
What is the remainder when 9994 is divided by 1338?
628
Calculate the remainder when 23336 is divided by 23.
14
What is the remainder when 7813 is divided by 33?
25
What is the remainder when 13926 is divided by 129?
123
Calculate the remainder when 101395 is divided by 14474.
77
What is the remainder when 1226693 is divided by 14?
13
What is the remainder when 5346 is divided by 1057?
61
What is the remainder when 58128 is divided by 14532?
0
Calculate the remainder when 1833 is divided by 1313.
520
Calculate the remainder when 67302 is divided by 28.
18
Calculate the remainder when 106133 is divided by 35.
13
What is the remainder when 163535 is divided by 62?
41
What is the remainder when 122266 is divided by 249?
7
Calculate the remainder when 3746 is divided by 327.
149
What is the remainder when 904145 is divided by 659?
656
Calculate the remainder when 9587 is divided by 3154.
125
Calculate the remainder when 2002 is divided by 686.
630
Calculate the remainder when 19398 is divided by 25.
23
Calculate the remainder when 1830867 is divided by 25.
17
Calculate the remainder when 413164 is divided by 31.
27
What is the remainder when 10257 is divided by 5047?
163
What is the remainder when 580080 is divided by 3053?
10
What is the remainder when 12668 is divided by 64?
60
Calculate the remainder when 61774 is divided by 24.
22
Calculate the remainder when 6468 is divided by 536.
36
Calculate the remainder when 65544 is divided by 28.
24
Calculate the remainder when 1611862 is divided by 19420.
2
What is the remainder when 2633211 is divided by 85?
81
Calculate the remainder when 75239 is divided by 7.
3
Calculate the remainder when 27575 is divided by 185.
10
What is the remainder when 9077 is divided by 62?
25
Calculate the remainder when 9328 is divided by 685.
423
Calculate the remainder when 11414 is divided by 27.
20
What is the remainder when 20267 is divided by 14?
9
Calculate the remainder when 515018 is divided by 1247.
7
Calculate the remainder when 3489 is divided by 982.
543
Calculate the remainder when 32625 is divided by 435.
0
What is the remainder when 2936 is divided by 147?
143
Calculate the remainder when 17076 is divided by 2134.
4
What is the remainder when 6245 is divided by 798?
659
What is the remainder when 1157969 is divided by 68?
65
Calculate the remainder when 14701 is divided by 562.
89
What is the remainder when 16719 is divided by 640?
79
What is the remainder when 79550 is divided by 6628?
14
What is the remainder when 40051 is divided by 910?
11
What is the remainder when 5643 is divided by 5634?
9
Calculate the remainder when 3169 is divided by 171.
91
What is the remainder when 814958 is divided by 16?
14
What is the remainder when 6926 is divided by 48?
14
Calculate the remainder when 18394 is divided by 100.
94
What is the remainder when 2721 is divided by 1253?
215
What is the remainder when 2468 is divided by 231?
158
What is the remainder when 1021 is divided by 321?
58
Calculate the remainder when 21364 is divided by 28.
0
Calculate the remainder when 14582 is divided by 1593.
245
Calculate the remainder when 144631 is divided by 24.
7
Calculate the remainder when 194440 is divided by 46.
44
What is the remainder when 190698 is divided by 38?
14
What is the remainder when 443289 is divided by 492?
489
Calculate the remainder when 109916 is divided by 36636.
8
Calculate the remainder when 1155730 is divided by 444.
442
Calculate the remainder when 77288 is divided by 533.
3
What is the remainder when 15830 is divided by 82?
4
Calculate the remainder when 115382 is divided by 57685.
12
Calculate the remainder when 29526 is divided by 284.
274
Calculate the remainder when 18622 is divided by 48.
46
What is the remainder when 11609153 is divided by 22?
17
Calculate the remainder when 7877234 is divided by 1138.
1136
Calculate the remainder when 20910 is divided by 20738.
172
What is the remainder when 1045 is divided by 208?
5
What is the remainder when 1233 is divided by 609?
15
What is the remainder when 2525 is divided by 438?
335
Calculate the remainder when 1969662 is divided by 15.
12
What is the remainder when 500834 is divided by 1733?
1730
Calculate the remainder when 2347708 is divided by 91.
90
What is the remainder when 131323 is divided by 247?
166
Calculate the remainder when 54782 is divided by 18090.
512
What is the remainder when 1891 is divided by 77?
43
What is the remainder when 689 is divided by 330?
29
What is the remainder when 245840 is divided by 35118?
14
What is the remainder when 43814 is divided by 1010?
384
Calculate the remainder when 8213 is divided by 79.
76
What is the remainder when 23609 is divided by 23?
11
What is the remainder when 922 is divided by 157?
137
What is the remainder when 135158 is divided by 290?
18
What is the remainder when 58588 is divided by 404?
8
Calculate the remainder when 23932 is divided by 2654.
46
Calculate the remainder when 70530 is divided by 15.
0
Calculate the remainder when 20936 is divided by 27.
11
What is the remainder when 21543 is divided by 57?
54
Calculate the remainder when 13516 is divided by 404.
184
What is the remainder when 31691 is divided by 53?
50
Calculate the remainder when 12729 is divided by 3180.
9
Calculate the remainder when 88893 is divided by 76.
49
What is the remainder when 4496 is divided by 258?
110
What is the remainder when 172632 is divided by 77?
75
Calculate the remainder when 10713 is divided by 147.
129
Calculate the remainder when 28120 is divided by 61.
60
What is the remainder when 1563 is divided by 155?
13
What is the remainder when 7877 is divided by 7837?
40
Calculate the remainder when 10045 is divided by 120.
85
Calculate the remainder when 59937 is divided by 29931.
75
What is the remainder when 112910 is divided by 195?
5
Calculate the remainder when 101196 is divided by 723.
699
Calculate the remainder when 1251 is divided by 16.
3
What is the remainder when 1900 is divided by 31?
9
What is the remainder when 16957 is divided by 333?
307
What is the remainder when 871192 is divided by 169?
166
Calculate the remainder when 299 is divided by 43.
41
What is the remainder when 19176 is divided by 83?
3
Calculate the remainder when 2763 is divided by 568.
491
Calculate the remainder when 4634 is divided by 1456.
266
What is the remainder when 5543 is divided by 511?
433
What is the remainder when 1128 is divided by 622?
506
What is the remainder when 6276 is divided by 273?
270
Calculate the remainder when 8708 is divided by 344.
108
What is the remainder when 373 is divided by 22?
21
What is the remainder when 82115 is divided by 16402?
105
Calculate the remainder when 9140 is divided by 155.
150
What is the remainder when 44631 is divided by 22313?
5
What is the remainder when 2274 is divided by 103?
8
Calculate the remainder when 109 is divided by 82.
27
What is the remainder when 91997 is divided by 171?
170
Calculate the remainder when 2644 is divided by 300.
244
Calculate the remainder when 101400 is divided by 33778.
66
What is the remainder when 318340 is divided by 7401?
97
Calculate the remainder when 146950 is divided by 314.
312
What is the remainder when 311 is divided by 138?
35
What is the remainder when 91782 is divided by 48?
6
What is the remainder when 115581 is divided by 20?
1
Calculate the remainder when 11894 is divided by 62.
52
What is the remainder when 101767 